{"id":3076,"date":"2023-07-13T17:46:23","date_gmt":"2023-07-13T15:46:23","guid":{"rendered":"https:\/\/suwalskie.tropy.net\/?page_id=3076"},"modified":"2023-07-14T23:10:02","modified_gmt":"2023-07-14T21:10:02","slug":"program-zawodow","status":"publish","type":"page","link":"https:\/\/suwalskie.tropy.net\/index.php\/program-zawodow\/","title":{"rendered":"Program zawod\u00f3w"},"content":{"rendered":"\n<p class=\"has-colibri-color-4-color has-text-color\"><strong>Pi\u0105tek, 21 lipca 2023<\/strong><\/p>\n\n\n\n<ul>\n<li><mark style=\"background-color:rgba(0, 0, 0, 0)\" class=\"has-inline-color has-colibri-color-6-color\">od 18.00 do 23.00 &#8211; przyjmowanie uczestnik\u00f3w w bazie rajdu, rejestracja<\/mark><\/li>\n<\/ul>\n\n\n\n<ul>\n<li><mark style=\"background-color:rgba(0, 0, 0, 0)\" class=\"has-inline-color has-colibri-color-6-color\">od 20.00 \u2013 ognisko integracyjne<\/mark><\/li>\n<\/ul>\n\n\n\n<p class=\"has-colibri-color-4-color has-text-color\"><strong>Sobota, 22 lipca 2023<\/strong><\/p>\n\n\n\n<ul class=\"has-colibri-color-6-color has-text-color\">\n<li>5.30 &#8211; 6.30 \u2013 rejestracja i wydawanie tracker\u00f3w (prosimy o pojawienie si\u0119 w bazie wcze\u015bniej ni\u017c p\u00f3\u017aniej\ud83d\ude0a)<\/li>\n<\/ul>\n\n\n\n<ul class=\"has-colibri-color-6-color has-text-color\">\n<li>6.45 &#8211; odprawa techniczna trasy <strong>STR 350 km<\/strong><\/li>\n<\/ul>\n\n\n\n<ul class=\"has-colibri-color-6-color has-text-color\">\n<li>7.00 &#8211; wsp\u00f3lny start trasy <strong>STR 350 km<\/strong><\/li>\n<\/ul>\n\n\n\n<ul class=\"has-colibri-color-6-color has-text-color\">\n<li>7.05 \u2013 odprawa techniczna trasy <strong>STR 200 km<\/strong><\/li>\n<\/ul>\n\n\n\n<ul class=\"has-colibri-color-6-color has-text-color\">\n<li>7.20 &#8211; start trasy <strong>STR 200 km<\/strong> &#8211; Grupa 1*<\/li>\n\n\n\n<li>7.30 &#8211; start trasy <strong>STR 200 km<\/strong> &#8211; Grupa 2*<\/li>\n<\/ul>\n\n\n\n<p class=\"has-colibri-color-6-color has-text-color\">(dekoracje podium \u2013 po pojawieniu si\u0119 pierwszej tr\u00f3jki w danej kategorii na mecie)<\/p>\n\n\n\n<p class=\"has-colibri-color-6-color has-text-color has-small-font-size\">*Zawodnicy trasy 200 km startuj\u0105 w podziale na dwie grupy. Wyboru grupy STR200 dokonacie w formularzu (link poni\u017cej), kt\u00f3ry aktywny b\u0119dzie w okresie od <strong>15.07. (sobota) godz. 20.00<\/strong> do <strong>18.07 (wtorek) godz. 18.00<\/strong>. W przypadku braku wyboru grupy, przydzia\u0142u dokona za Was maszyna losuj\u0105ca:).<\/p>\n\n\n\n<p class=\"has-colibri-color-6-color has-text-color has-small-font-size\"><a href=\"https:\/\/docs.google.com\/spreadsheets\/d\/1xVK_5FsXjaUZahC6ap4aFqbQztAQ6dEfcu-9doqzSHQ\/edit?usp=drive_link\">https:\/\/docs.google.com\/spreadsheets\/d\/1xVK_5FsXjaUZahC6ap4aFqbQztAQ6dEfcu-9doqzSHQ\/edit?usp=drive_link<\/a><\/p>\n\n\n\n<p class=\"has-colibri-color-6-color has-text-color has-small-font-size\">Osobom walcz\u0105cym o podium polecamy Grup\u0119 1, osobom jad\u0105cym bardziej na luzie polecamy Grup\u0119 2.<\/p>\n\n\n\n<p class=\"has-colibri-color-4-color has-text-color\"><strong>Niedziela, 23 lipca 2023<\/strong><\/p>\n\n\n\n<ul>\n<li><mark style=\"background-color:rgba(0, 0, 0, 0)\" class=\"has-inline-color has-colibri-color-6-color\">19.20 \u2013 limit trasy <strong>STR 200 km<\/strong><\/mark> <mark style=\"background-color:rgba(0, 0, 0, 0)\" class=\"has-inline-color has-colibri-color-6-color\">&#8211; Grupa 1<\/mark><\/li>\n\n\n\n<li><mark style=\"background-color:rgba(0, 0, 0, 0)\" class=\"has-inline-color has-colibri-color-6-color\">19.30 \u2013 limit trasy <strong>STR 200 km<\/strong><\/mark> <mark style=\"background-color:rgba(0, 0, 0, 0)\" class=\"has-inline-color has-colibri-color-6-color\">&#8211; Grupa 2<\/mark><\/li>\n<\/ul>\n\n\n\n<p class=\"has-colibri-color-6-color has-text-color\">(dekoracje podium \u2013 po pojawieniu si\u0119 pierwszej tr\u00f3jki w danej kategorii na mecie)<\/p>\n\n\n\n<p class=\"has-colibri-color-4-color has-text-color\"><strong>Poniedzia\u0142ek 24 lipca 2023<\/strong><\/p>\n\n\n\n<ul>\n<li><mark style=\"background-color:rgba(0, 0, 0, 0)\" class=\"has-inline-color has-colibri-color-6-color\">7.00 \u2013 limit trasy <strong>STR 350<\/strong> <strong>km<\/strong><\/mark><\/li>\n<\/ul>\n\n\n\n<p class=\"has-colibri-color-6-color has-text-color\">(dekoracje podium \u2013 po pojawieniu si\u0119 pierwszej tr\u00f3jki w danej kategorii na mecie)<\/p>\n","protected":false},"excerpt":{"rendered":"<p>Pi\u0105tek, 21 lipca 2023 Sobota, 22 lipca 2023 (dekoracje podium \u2013 po pojawieniu si\u0119 pierwszej tr\u00f3jki w danej kategorii na mecie) *Zawodnicy trasy 200 km startuj\u0105 w podziale na dwie grupy. Wyboru grupy STR200 dokonacie w formularzu (link poni\u017cej), kt\u00f3ry aktywny b\u0119dzie w okresie od 15.07. (sobota) godz. 20.00 do 18.07 (wtorek) godz. 18.00. W przypadku braku wyboru grupy, przydzia\u0142u dokona za Was maszyna losuj\u0105ca:). https:\/\/docs.google.com\/spreadsheets\/d\/1xVK_5FsXjaUZahC6ap4aFqbQztAQ6dEfcu-9doqzSHQ\/edit?usp=drive_link Osobom walcz\u0105cym o podium polecamy Grup\u0119 1, osobom jad\u0105cym [&hellip;]<\/p>\n","protected":false},"author":1,"featured_media":0,"parent":0,"menu_order":0,"comment_status":"closed","ping_status":"closed","template":"","meta":[],"_links":{"self":[{"href":"https:\/\/suwalskie.tropy.net\/index.php\/wp-json\/wp\/v2\/pages\/3076"}],"collection":[{"href":"https:\/\/suwalskie.tropy.net\/index.php\/wp-json\/wp\/v2\/pages"}],"about":[{"href":"https:\/\/suwalskie.tropy.net\/index.php\/wp-json\/wp\/v2\/types\/page"}],"author":[{"embeddable":true,"href":"https:\/\/suwalskie.tropy.net\/index.php\/wp-json\/wp\/v2\/users\/1"}],"replies":[{"embeddable":true,"href":"https:\/\/suwalskie.tropy.net\/index.php\/wp-json\/wp\/v2\/comments?post=3076"}],"version-history":[{"count":6,"href":"https:\/\/suwalskie.tropy.net\/index.php\/wp-json\/wp\/v2\/pages\/3076\/revisions"}],"predecessor-version":[{"id":3104,"href":"https:\/\/suwalskie.tropy.net\/index.php\/wp-json\/wp\/v2\/pages\/3076\/revisions\/3104"}],"wp:attachment":[{"href":"https:\/\/suwalskie.tropy.net\/index.php\/wp-json\/wp\/v2\/media?parent=3076"}],"curies":[{"name":"wp","href":"https:\/\/api.w.org\/{rel}","templated":true}]}}